**2 + 13*v + 5. Let w(c) = 12*c**2 - 36*c - 14. Let u(b) = 11*g(b) + 4*w(b). What is u(-1)?
4
Let p be 9 - (-4)/((-12)/9). Let s(c) = 8*c + 2*c**2 - p*c**2 + 5*c**2 + 1 - 8. Give s(-7).
-14
Let b(m) = 2*m - 11. Let f = -133 + 142. Calculate b(f).
7
Let g(z) = -4*z + 3. Suppose -f - 22 = -2*f. Suppose d + 3*m = -35, -3*d + 70 = -6*d - 2*m. Let s = f + d. Give g(s).
-5
Let d(t) = -t**2 + 11*t + 1. Suppose 0 = 2*u - 8, -2*a = -u - u - 14. What is d(a)?
1
Suppose 0 = -3*t - t - 16. Let g(i) = 2*i + 1 + i + 0*i - 2*i. Determine g(t).
-3
Let d(g) be the third derivative of g**5/60 + g**4/4 + 5*g**3/6 - 224*g**2. Suppose 3*a = 3*c - c + 15, 0 = -4*a + 4. Give d(c).
5
Let y(f) be the second derivative of -7*f**3/6 - f**2/2 + 67*f. Let l(q) = -q + 16. Let i be l(13). Suppose 4 = -h + i. Determine y(h).
6
Let l(m) = m - 33 + 0*m + m**3 + 33. Let g(t) = 5*t**3 + 5*t + 1. Let h(i) = g(i) - 6*l(i). Suppose -5*k + 2*z + 2 = 8, 2*k - z + 3 = 0. Determine h(k).
1
Suppose 2*k - 3*g + 6 = g, 18 = -2*k - 2*g. Let r(d) = -d**3 - 8*d**2 + 4*d - 4. Calculate r(k).
-81
Let h(j) = -j + 153 + 156 + 151 + 149 - 616. Let n = 36 + -16. Suppose 4*i + 0*c - 2*c = -10, -n = 3*i + c. Determine h(i).
-2
Let o(b) = b**3 + 7*b**2 - b - 9. Suppose -11*w - 12 = -15*w. Suppose i - 2*p = -0*p + w, 4*i = -4*p - 48. Give o(i).
-2
Let m(y) = -7*y**2 + y + 3. Let j(d) = 3*d**2 - d - 1. Let c(x) = -9*j(x) - 4*m(x). Give c(-4).
-7
Let j(l) be the first derivative of l**5/120 - l**4/12 - 5*l**3 - 13. Let o(q) be the third derivative of j(q). Give o(8).
6
Suppose -36*d - 2060 = -46*d. Let c = d - 202. Let a(n) be the second derivative of -n**5/20 + 5*n**4/12 - n**3 + 3*n**2 - n. Calculate a(c).
-2
Let h(p) = -303*p + 7*p**2 + 306*p - 3 + 6. Give h(-2).
25
Let a(i) = -3*i**2 - 2*i + 1. Let n(v) = -4*v**2 - v + 1. Let k be (-1)/(0 - 5/10). Let t(o) = k*n(o) - 3*a(o). What is t(-3)?
-4
Let v(a) = a**3 - 8*a**2 + 7. Let z(o) = 2*o**3 - 15*o**2 - o + 13. Let j(c) = -5*v(c) + 3*z(c). Suppose h + 0*h - u = 4, u = -2*h + 11. What is j(h)?
-11
Let q(b) = 27 + 17*b + 0*b**2 - 6*b**2 - 26 - 19*b. Determine q(1).
-7
Suppose 3*c + 26 = 8. Let o(b) = -8*b**2 + 7*b - 8. Let x(t) = -3*t**2 + 4*t - 3. Let d(n) = 2*o(n) - 5*x(n). Calculate d(c).
-1
Suppose -g = -3*g - 3*p - 6, 12 = -4*g + 4*p. Suppose 7*c = 2*c + 30. Let f(b) = 1 + c*b - 3 - 8*b. Determine f(g).
4
Let c(s) be the third derivative of s**4/24 + 5*s**3/6 + 9*s**2. Calculate c(-4).
1
Let h(l) = 6*l**2 - 5*l + 2. Let w(n) = -n**2 + n - 1. Suppose -4*o + 9*o - 4*v = -12, 0 = -v - 2. Let j(b) = o*w(b) - h(b). Calculate j(-3).
-19
Let w(k) = k**3 + k**2 + 2*k + 1. Let v(q) = 5*q + 32. Let g be v(-6). Suppose -h = -4*a - 6, 3 = 2*a - g*h + 9. Give w(a).
-1
Suppose 5*o - 5*k = 25, -5*k + 4 = -2*o + 23. Let z(q) = q**3 + 0*q**2 - 5*q**o - 2*q**2 + 6*q + 19 - 23. Suppose 5*h - 7 = 23. Give z(h).
-4
Let f(c) be the second derivative of -c**6/120 + c**5/10 + 5*c**4/24 + c**3/6 - 7*c**2 + 15*c. Let s(w) be the first derivative of f(w). What is s(7)?
-13
Let m(g) = -4*g**2 - 4*g + 1. Suppose 37*l - 39*l = 4*k + 6, 0 = l - 3. What is m(k)?
-23
Suppose 0 = 3*g - 24, -3*g + 7*g + 28 = -10*x. Let q(z) = -z**2. Let t(d) = 7*d**2 + 6*d - 2. Let y(j) = 6*q(j) + t(j). Give y(x).
-2
Let z(a) = -a**2 + 2*a + 7. Suppose -8*u - 15*u = -92. What is z(u)?
-1
Let u(o) = -2*o - 10. Let i be u(-6). Let j(v) = 0*v + 4*v**i - 69 + v**3 + 72 + 2*v. Let g = 4 + -7. Give j(g).
6
Let a(f) = f**3 - 8*f**2 + f - 7. Suppose 4*n + 3*i + 76 = -i, 3*n + 73 = i. Let c(u) = -u**2 - 21*u + 54. Let y be c(n). Give a(y).
1
Let b be ((-3)/(-2))/(9/24). Let a be (b + -4)/(-2 + 0). Suppose -r + 4*s + s - 5 = a, -5*s + 5 = -5*r. Let j(n) = n - 1. Give j(r).
-1
Let t(z) = z**2 + 9*z + 16. Suppose -260 - 208 = 78*f. Give t(f).
-2
Let h(n) = -3*n**2 + 7*n + 10. Let y(z) = -2*z**2 + 7*z + 9. Let q(c) = -3*h(c) + 4*y(c). Calculate q(-6).
0
Let m(r) = r - 2. Suppose 125 = -5*s + 4*s - 4*u, -s = -2*u + 101. Let k = s - -111. Calculate m(k).
0
Let w = -25 + 25. Let i = w + 6. Let s(j) = 1 - i*j + 7*j + 3 + j**2 + 7*j. Determine s(-8).
4
Let j(p) = p**3 - 3*p**2 - 2*p + 5. Let c be ((-1)/(-2))/(14/(-28)). Let x be (-261)/(-63) + c/7. Give j(x).
13
Let i(p) = -4*p**3 + 2*p**2 + 2*p - 1. Let c(a) = -9*a**3 + 6*a**2 + 5*a - 3. Let y(s) = 3*c(s) - 7*i(s). Let j be 5*((-16)/(-10))/(-2). Calculate y(j).
-6
Suppose 3*f = -3*d, 3*d + 2 = -d - 2*f. Let m be (-5)/(-2) - (-2)/(-4). Let b(k) = -3*k + 1 - k + 0*k + 5*k - 8*k**m. What is b(d)?
-8
Suppose 0 = 2*i - 3*q - 52, i - 24 = -0*i + q. Suppose -i = 14*a - 76. Let s(j) = -j + 1. Determine s(a).
-3
Let u(b) = -9*b - 5*b + 2*b**2 - 11 + 3*b**2 - 6*b**2. Let o(n) = -n**3 - 11*n**2 - 28*n - 193. Let s be o(-10). What is u(s)?
2
Let b(o) = -o - 6. Let g be -12 + 10 + (-6)/(-2). Let i be (g/4)/((-8)/(-64)). Suppose 4*m - q + 20 = 1, -i*q - 7 = m. What is b(m)?
-1
Let l(k) = k + 2. Let o be (-18)/(-27)*354/4. Suppose 2*f = 5*w + 139, w - 204 = -2*f - o. Let b be (-12)/f - (-58)/(-12). Give l(b).
-3
Suppose -5*g + 9*g - 12 = 0. Suppose 0*n + 4*n - 108 = -4*t, 5*n = t - 27. Suppose -4*j + t = g. Let m(c) = -c + 7. Determine m(j).
1
Suppose -4*l - 4 = -3*s, -31 = 4*s + 5*l - 57. Let b(v) be the second derivative of -v**3/2 + 3*v**2 + v. What is b(s)?
-6
Let g be -1 + 5 + -5 + 3. Let b(k) = -k**3 - 2*k**2 + 2*k - 1. Let q be b(-3). Suppose q = 2*l, -l - g*l = -5*s + 2. Let t(x) = -6*x. Give t(s).
-6
Let g(i) = -257*i - 266*i + 519*i + 5. Give g(-4).
21
Let n(i) = 4 + i + 5 - 11. Let s(j) be the first derivative of j**4/4 - j**3 - 4*j**2 - 5*j + 5. Let b be s(5). Calculate n(b).
3
Let f(h) = 2*h**3 - 7*h**2 + 4*h + 1. Let i be f(3). Let t = 2 - 0. Let k(z) = -2 + 2 + 0 + t*z + 1. Give k(i).
9
Let z = -329 - -331. Suppose -4*k + 10 = 3*y, 0 = 6*k - 4*k - 2. Let s(p) = -3*p**2 + p**2 - p**3 + y*p**3 + p. Give s(z).
2
Let h(k) = -k + 6. Let g(d) = 5*d - 26. Let s(i) = 2*g(i) + 9*h(i). Let j(q) = 8*q + 17. Let y(u) = -j(u) + 6*s(u). Give y(-7).
9
Let n(z) = z**2 - 8*z - 7. Let f be n(8). Let u(v) be the second derivative of -v**4/12 - 7*v**3/6 - 5*v**2/2 + 580*v. Give u(f).
-5
Suppose -12*k + 7*k = -30. Let h(y) = y**3 - 4*y**2 - 10*y - 14. Determine h(k).
-2
Let n(u) = -u**2 - 23*u - 38. Let q be n(-2). Let a(c) be the first derivative of c**4/4 - c**3 - 2*c**2 + 3*c - 1. Calculate a(q).
3
Let a(d) = -d**2 + 24*d + 33. Let u be (-25)/(7/7)*(-4 - -3). What is a(u)?
8
Suppose 0*z - 4*z = -16. Suppose 20 = -0*g + z*g. Let m(c) be the first derivative of c**2/2 - 4*c + 1. Give m(g).
1
Let r(d) = -d**2 - 10*d + 24. Let n = -945 - -933. Calculate r(n).
0
Let n(x) = x**3 + x + 2. Let g(r) = -r**3 - r**2 + 6*r + 2. Let f be g(-3). Calculate n(f).
12
Let c(k) = 2*k - 6. Suppose 2*t + 21 - 5 = 0. Let b be t/(-2) + (-24)/(-12). Suppose -31 = 5*f - b. Calculate c(f).
-16
Let p(w) be the second derivative of w**5/120 - 5*w**4/24 + w**3/2 - 7*w. Let u(y) be the second derivative of p(y). What is u(4)?
-1
Let n = 5 + 30. Suppose -8*l + 3*l - n = 5*x, 0 = -5*l - 10. Let t = 7 + x. Let h(j) = -4*j + 2. What is h(t)?
-6
Let r(z) = -1345*z + 2686*z - 1338*z + 6. Calculate r(1).
9
Let u(x) be the second derivative of -x**5/30 - 5*x**4/24 - x**3/2 - 16*x**2 - 8*x. Let d(s) be the first derivative of u(s). Give d(-3).
-6
Let z = -851 - -847. Let b(k) = k**2 - k. Let n(h) = -5*h**2 + 6*h + 4. Let m(y) = 4*b(y) + n(y). Give m(z).
-20
Let x = 72 + -77. Let y(b) = -b**2 - 4*b + 7. Calculate y(x).
2
Let r(t) = -t + 4. Suppose 0 = 3*i - 5*c + 14, 2*i - 3*c - 2 + 11 = 0. Let o be 0 + (-14 - -5)/i. Determine r(o).
1
Let q(r) = 13*r**2 + 4*r + 3. Suppose -130*n = -138*n - 8. Determine q(n).
12
Let q(z) = -2*z**2 - 16*z - 5. Let f be q(-8). Let s(g) = -g**3 - 5*g**2 + 4*g + 6. Let m(r) = r + 1. Let y(t) = -3*m(t) + s(t). Give y(f).
-2
Suppose -93 = b - 4*b. Let x = b + -30. Suppose -2*p + p - x = 0. Let g(c) = -10*c**3 - c**2 - c - 1. What is g(p)?
9
Let y(t) = 2*t. Let o be (-81)/1053 + 2/26. Give y(o).
0
Let u(z) = 2*z - 2. Let i(n) = -3*n + 1. Let a(m) = 3*i(m) + 4*u(m). Let d be (2 - 4)/((-1)/(-8)). Let b = 11 + d. Calculate a(b).
0
Suppose 2*z = -4, -4*y + 5*z - 4 = z. Let x(w) = w - 6. Let u(f) = f - 1. Let d(g) = y*u(g) + x(g). Give d(-4).
5
Let c(k) = -k**3 - k**2 - 1. Let g be 3/4 + (-19)/4. 